{"id":2088,"date":"2024-03-02T20:56:53","date_gmt":"2024-03-02T20:56:53","guid":{"rendered":"https:\/\/pizzatta.ro\/?post_type=product&#038;p=2088"},"modified":"2025-05-31T11:08:33","modified_gmt":"2025-05-31T11:08:33","slug":"meniu-aripioare-wings","status":"publish","type":"product","link":"https:\/\/pizzatta.ro\/index.php\/produs\/meniu-aripioare-wings\/","title":{"rendered":"Aripioare wings"},"content":{"rendered":"<p>Gramaj: 370g;<\/p>\n<p>&nbsp;<\/p>\n<p>Contine: Aripioare wings 5 buc. 150G, cartofi prajiti 150G, sos ketchup 50G, sos usturoi 50G, lipie 70G;<\/p>\n<p>&nbsp;<\/p>\n<p>Ingrediente: Aripioare wings 5 buc. 150G (Aripi de pui (83%), faina de grau, apa, sare(Sare gema, Iodat de potasiu: min. 42 mg\/kg sare, max. 67.2 mg\/kg sare. Iod: min. 25 mg\/kg sare, max. 40 mg\/kg sare, antiaglomerant (E 536), Drojdie pentru panificatie, emulgator alimentar E491), ulei de rapita, amidon de grau, amidon de orez, amidon de porumb, amidon modificat, potentiator de aroma (glutamat monosodic), condimente, agenti de afinare (difosfati, carbonati de sodiu), legume uscate (telina, usturoi), colorant (extract de ardei rosu), ierburi aromate, extract de condimente), cartofi prajiti 150G, sos ketchup 50G (Ingrediente: ap\u0103, past\u0103 tomate, zah\u0103r, ofet de vin, amidon modificat din porumb, sare iodat\u0103, cond\u00edmente,stabilizatori: gum\u0103 guar, gum\u0103 xanthan; acidifiant: acid citric; antioxidant: acid ascorbic; conservanti: benzoat de sodiu, sorbat de potasiu. Contine urme de mu\u015ftar, sulfiti! Produs \u00een Romania cu ingrediente din UE si afara UE), sos usturoi 50G (ulei rafinat de floarea soarelui* (53%), ap\u00e5 (29%), zah\u0103r, otet din alcool, mustar (ap\u0103, otet din alcool, boabe de mustar, zahar, sare), amidonuri modificate, sare, acidifiant (acid lactic), praf de ou integral (0,3%6), agent de ingrosare (gum\u0103 de xantan), conservanti (sorbat de potasiu, benzoat de sodiu), colorant caroteni), antioxidant (calciu-disodic-EDTA) Orgine ulei rafinat de floarea-soarelui \u015fi praf de ou integral: din UE si din afara UE), lipie 100G (Faina de grau alba 550), Sare gema, Iodat de potasiu: min. 42 mg\/kg sare, max. 67.2 mg\/kg sare. Iod: min. 25 mg\/kg sare, max. 40 mg\/kg sare, antiaglomerant (E 536), Drojdie pentru panificatie, emulgator alimentar E491);<\/p>\n<p>&nbsp;<\/p>\n<p>Informa\u021bii nutri\u021bionale 100g:<\/p>\n<p>Valoare Energetic\u0103 (kJ\/kcal): 3083\/ 745,<\/p>\n<p>Gr\u0103simi (g): 34 din care: Acizi gra\u0219i satura\u021bi (g) 1,5,<\/p>\n<p>Glucide (g): 32 din care: Zaharuri (g): 11,<\/p>\n<p>Proteine (g): 26,<\/p>\n<p>Sare (g): 1.3;<\/p>\n<p>&nbsp;<\/p>\n<p>Alergeni: Gluten, Soia, Lapte. Poate con\u021bine urme de: Ou\u0103, \u021aelin\u0103, Mu\u0219tar.<\/p>\n","protected":false},"excerpt":{"rendered":"<p>370g<\/p>\n","protected":false},"featured_media":2089,"comment_status":"open","ping_status":"closed","template":"","meta":[],"product_brand":[],"product_cat":[34],"product_tag":[],"class_list":{"0":"post-2088","1":"product","2":"type-product","3":"status-publish","4":"has-post-thumbnail","6":"product_cat-readytobox","8":"first","9":"instock","10":"shipping-taxable","11":"purchasable","12":"product-type-simple"},"_links":{"self":[{"href":"https:\/\/pizzatta.ro\/index.php\/wp-json\/wp\/v2\/product\/2088","targetHints":{"allow":["GET"]}}],"collection":[{"href":"https:\/\/pizzatta.ro\/index.php\/wp-json\/wp\/v2\/product"}],"about":[{"href":"https:\/\/pizzatta.ro\/index.php\/wp-json\/wp\/v2\/types\/product"}],"replies":[{"embeddable":true,"href":"https:\/\/pizzatta.ro\/index.php\/wp-json\/wp\/v2\/comments?post=2088"}],"wp:featuredmedia":[{"embeddable":true,"href":"https:\/\/pizzatta.ro\/index.php\/wp-json\/wp\/v2\/media\/2089"}],"wp:attachment":[{"href":"https:\/\/pizzatta.ro\/index.php\/wp-json\/wp\/v2\/media?parent=2088"}],"wp:term":[{"taxonomy":"product_brand","embeddable":true,"href":"https:\/\/pizzatta.ro\/index.php\/wp-json\/wp\/v2\/product_brand?post=2088"},{"taxonomy":"product_cat","embeddable":true,"href":"https:\/\/pizzatta.ro\/index.php\/wp-json\/wp\/v2\/product_cat?post=2088"},{"taxonomy":"product_tag","embeddable":true,"href":"https:\/\/pizzatta.ro\/index.php\/wp-json\/wp\/v2\/product_tag?post=2088"}],"curies":[{"name":"wp","href":"https:\/\/api.w.org\/{rel}","templated":true}]}}