{"id":2067,"date":"2024-03-02T20:29:12","date_gmt":"2024-03-02T20:29:12","guid":{"rendered":"https:\/\/pizzatta.ro\/?post_type=product&#038;p=2067"},"modified":"2025-05-31T11:09:08","modified_gmt":"2025-05-31T11:09:08","slug":"sandwich-pui-cu-bacon","status":"publish","type":"product","link":"https:\/\/pizzatta.ro\/index.php\/produs\/sandwich-pui-cu-bacon\/","title":{"rendered":"Sandwich pui cu bacon"},"content":{"rendered":"<p>Gramaj: 480g;<\/p>\n<p>&nbsp;<\/p>\n<p>Contine: Chifla 90G, piept de pui 120G, bacon 20G, salata 20G, rosii 20G, ceapa 10G, chedar 10G, sos maioneza 20G, sosul pizzatta 20G, cartofi prajiti 150G;<\/p>\n<p>&nbsp;<\/p>\n<p>Ingrediente: Chifla 90G ((Faina de grau alba 550), Sare gema, Iodat de potasiu: min. 42 mg\/kg sare, max. 67.2 mg\/kg sare. Iod: min. 25 mg\/kg sare, max. 40 mg\/kg sare, antiaglomerant (E 536), Drojdie pentru panificatie, emulgator alimentar E491), piept de pui 120G, bacon 30G (Carne porc, apa, sare, zaharuri (contine LACTOZA), proteina din LAPTE, stabilizatori (difosfati, trifosfati), conservanti (acetati de sodiu, nitrit de sodiu), regulator de aciditate (citrat de sodiu), potentiator de aroma (glutamat monosodic), condimente, arome), carnati 20g (carne de porc din UE, apa, slanina, proteina vegetala din soia, fibra vegetala din soia, sare, condimente, acidifiant (glucono-delta-lactona), stabilizatori (trifosfati), zaharuri (dextroza, zahar), arome, agent de ingrosare (caragenan), potentiator de aroma (monoglutamat de sodiu), antioxidant (eritorbat de sodiu, acid ascorbic), extract de drojdie, proteina animala din porc, conservant (diacetat de sodiu, nitrit de sodiu), colorant (carmine)), salata 20G, rosii 20G, ceapa 10G, chedar 10G (branza Cheddar (71%), apa, unt, lapte praf degresat, saruri de topire E331 si E339, proteina din lapte, arome naturale de branza, zer pudra, sare, coloranti E160a si E160c, antiaglomerant lecitina din floarea soarelui.), sos maioneza 20G (ulei rafinat de floarea soarelui* (53%), ap\u00e5 (29%), zah\u0103r,otet din alcool mustar (ap\u0103, otet din alcool, boabe de mustar, zahar, sare), amidonuri modificate, sare, acidifiant (acid lactic), praf de ou integral (0,3%6), agent de ingrosare (gum\u0103 de xantan), conservanti (sorbat de potasiu, benzoat de sodiu), colorant caroteni), antioxidant (calciu-disodic-EDTA) Origine ulei rafinat de floarea-soarelui \u015fi praf de ou integral: din UE si din afara UE), sosul pizzatta 20G (ulei rafinat de floarea soarelui* (53%), ap\u00e5 (29%), zah\u0103r, otet din alcool,mustar (ap\u0103, otet din alcool, boabe de mustar, zahar, sare), amidonuri modificate, sare, acidifiant (acid lactic), praf de ou integral (0,3%6), agent de ingrosare (gum\u0103 de xantan), conservanti (sorbat de potasiu, benzoat de sodiu), colorant caroteni), antioxidant (calciu-disodic-EDTA) Origine ulei rafinat de floarea-soarelui \u015fi praf de ou integral: din UE si din afara UE, ap\u0103, boabe de mustar 14% (de origine din UE si din afara UE), otet din alcool, zah\u0103r, sare, agent de \u00eengrosare (gum\u0103 de xantan), acidifiant (acid citric), past\u0103 tomate, zah\u0103r, otet de vin, amidon modificat din porumb, sare iodat\u0103, condimente.), cartofi prajiti 150G;<\/p>\n<p>&nbsp;<\/p>\n<p>Valori medii nutri\u021bionale pentru 100 g:<\/p>\n<p>Calorii 912 kj \/ 218 kCal,Gr\u0103simi 8.7 g din care Saturate 1.8 g Ne-Saturate 6.9 g,<br \/>\nCarbohidra\u021bi 23 g din care Zaharuri 2.3 g,<br \/>\nFibre 2.7 g,<br \/>\nProteine 10.6 g,<br \/>\nSare 1300 mg;<\/p>\n<p>&nbsp;<\/p>\n<p>Alergeni: Gluten, Soia, Lapte. Poate con\u021bine urme de: Ou\u0103, \u021aelin\u0103, Mu\u0219tar.<\/p>\n","protected":false},"excerpt":{"rendered":"<p>480g<\/p>\n","protected":false},"featured_media":2068,"comment_status":"open","ping_status":"closed","template":"","meta":[],"product_brand":[],"product_cat":[34],"product_tag":[],"class_list":{"0":"post-2067","1":"product","2":"type-product","3":"status-publish","4":"has-post-thumbnail","6":"product_cat-readytobox","8":"first","9":"instock","10":"shipping-taxable","11":"purchasable","12":"product-type-simple"},"_links":{"self":[{"href":"https:\/\/pizzatta.ro\/index.php\/wp-json\/wp\/v2\/product\/2067","targetHints":{"allow":["GET"]}}],"collection":[{"href":"https:\/\/pizzatta.ro\/index.php\/wp-json\/wp\/v2\/product"}],"about":[{"href":"https:\/\/pizzatta.ro\/index.php\/wp-json\/wp\/v2\/types\/product"}],"replies":[{"embeddable":true,"href":"https:\/\/pizzatta.ro\/index.php\/wp-json\/wp\/v2\/comments?post=2067"}],"wp:featuredmedia":[{"embeddable":true,"href":"https:\/\/pizzatta.ro\/index.php\/wp-json\/wp\/v2\/media\/2068"}],"wp:attachment":[{"href":"https:\/\/pizzatta.ro\/index.php\/wp-json\/wp\/v2\/media?parent=2067"}],"wp:term":[{"taxonomy":"product_brand","embeddable":true,"href":"https:\/\/pizzatta.ro\/index.php\/wp-json\/wp\/v2\/product_brand?post=2067"},{"taxonomy":"product_cat","embeddable":true,"href":"https:\/\/pizzatta.ro\/index.php\/wp-json\/wp\/v2\/product_cat?post=2067"},{"taxonomy":"product_tag","embeddable":true,"href":"https:\/\/pizzatta.ro\/index.php\/wp-json\/wp\/v2\/product_tag?post=2067"}],"curies":[{"name":"wp","href":"https:\/\/api.w.org\/{rel}","templated":true}]}}